{"id":2319,"date":"2017-03-13T14:18:59","date_gmt":"2017-03-13T14:18:59","guid":{"rendered":"http:\/\/meinrecht.or.at\/?page_id=2319"},"modified":"2020-06-03T12:06:54","modified_gmt":"2020-06-03T12:06:54","slug":"rechtsservice-gratis","status":"publish","type":"page","link":"https:\/\/meinrecht.or.at\/?page_id=2319","title":{"rendered":"Rechtsservice"},"content":{"rendered":"<p>[vc_row][vc_column width=&#8220;1\/2&#8243;][vc_column_text]Hier bieten wir vorab, ohne dass es einer Rechtsberatung bedarf, einen unentgeltlichen Rechtsservice f\u00fcr jeden am Thema Interessierten. Haben Sie bitte Verst\u00e4ndnis daf\u00fcr, dass es sich hier um allgemeine Informationen und Formulare handelt, f\u00fcr deren Anwendung wir keine Haftung \u00fcbernehmen k\u00f6nnen.[\/vc_column_text][\/vc_column][vc_column width=&#8220;1\/2&#8243;][vc_column_text]<\/p>\n<p>[\/vc_column_text][\/vc_column][\/vc_row]<\/p>\n","protected":false},"excerpt":{"rendered":"<p>[vc_row][vc_column width=&#8220;1\/2&#8243;][vc_column_text]Hier bieten wir vorab, ohne dass es einer Rechtsberatung bedarf, einen unentgeltlichen Rechtsservice f\u00fcr jeden am Thema Interessierten. Haben Sie bitte Verst\u00e4ndnis daf\u00fcr, dass es sich hier um allgemeine Informationen und Formulare handelt, f\u00fcr deren Anwendung wir keine Haftung \u00fcbernehmen k\u00f6nnen.[\/vc_column_text][\/vc_column][vc_column width=&#8220;1\/2&#8243;][vc_column_text] [\/vc_column_text][\/vc_column][\/vc_row]<\/p>\n","protected":false},"author":1,"featured_media":0,"parent":0,"menu_order":0,"comment_status":"closed","ping_status":"closed","template":"","meta":{"footnotes":""},"class_list":["post-2319","page","type-page","status-publish","hentry"],"_links":{"self":[{"href":"https:\/\/meinrecht.or.at\/index.php?rest_route=\/wp\/v2\/pages\/2319","targetHints":{"allow":["GET"]}}],"collection":[{"href":"https:\/\/meinrecht.or.at\/index.php?rest_route=\/wp\/v2\/pages"}],"about":[{"href":"https:\/\/meinrecht.or.at\/index.php?rest_route=\/wp\/v2\/types\/page"}],"author":[{"embeddable":true,"href":"https:\/\/meinrecht.or.at\/index.php?rest_route=\/wp\/v2\/users\/1"}],"replies":[{"embeddable":true,"href":"https:\/\/meinrecht.or.at\/index.php?rest_route=%2Fwp%2Fv2%2Fcomments&post=2319"}],"version-history":[{"count":6,"href":"https:\/\/meinrecht.or.at\/index.php?rest_route=\/wp\/v2\/pages\/2319\/revisions"}],"predecessor-version":[{"id":3063,"href":"https:\/\/meinrecht.or.at\/index.php?rest_route=\/wp\/v2\/pages\/2319\/revisions\/3063"}],"wp:attachment":[{"href":"https:\/\/meinrecht.or.at\/index.php?rest_route=%2Fwp%2Fv2%2Fmedia&parent=2319"}],"curies":[{"name":"wp","href":"https:\/\/api.w.org\/{rel}","templated":true}]}}